{"id":107,"date":"2025-09-01T19:22:59","date_gmt":"2025-09-01T22:22:59","guid":{"rendered":"https:\/\/instavellaneda.com.ar\/instituto\/?page_id=107"},"modified":"2025-10-16T13:55:12","modified_gmt":"2025-10-16T16:55:12","slug":"diseno-de-exteriores-y-paisajes","status":"publish","type":"page","link":"https:\/\/instavellaneda.com.ar\/instituto\/diseno-de-exteriores-y-paisajes\/","title":{"rendered":"DISE\u00d1O DE EXTERIORES Y PAISAJES"},"content":{"rendered":"\n<h2 class=\"wp-block-heading has-secondary-color has-text-color has-link-color wp-elements-34883f7c86d4717780ce0c0e3e5323d2\" style=\"font-size:24px\"><mark style=\"background-color:rgba(0, 0, 0, 0);color:#eb7b28\" class=\"has-inline-color\">T\u00e9cnico superior en Dise\u00f1o de\u00a0exteriores y paisajes<\/mark><\/h2>\n\n\n\n<h2 class=\"wp-block-heading has-text-color has-link-color wp-elements-b37b93d4bef8a7a68271f07c3258a9e2\" style=\"color:#4d685d;font-size:12px;font-style:normal;font-weight:400;text-transform:uppercase\">Pasi\u00f3n por Saber, Pasi\u00f3n por Hacer<\/h2>\n\n\n\n<h3 class=\"wp-block-heading has-text-align-center has-background-color has-text-color has-background has-link-color wp-elements-86574093b14307925f43abffd035ef68\" style=\"background-color:#a39d66;font-size:16px;text-transform:uppercase\">Perfil Profesional<\/h3>\n\n\n\n<p class=\"has-text-align-left has-heading-color has-text-color has-link-color has-roboto-font-family wp-elements-fba18d0453fea304bacc5e8bc75d5138\" style=\"font-size:14px\">El T\u00e9cnico Superior en Dise\u00f1o de Exteriores y Paisaje egresar\u00e1 con formaci\u00f3n como profesional en el dise\u00f1o, planificaci\u00f3n y ejecuci\u00f3n de obras de jardiner\u00eda y parquizaciones, instalaciones t\u00e9cnicas y mantenimiento de exteriores.En relaci\u00f3n a los \u00e1mbitos de acci\u00f3n, el egresado podr\u00e1 ejercer:<br><br>-Como auxiliar en estudios de arquitectura: Proyectar, asesoramiento, colaboraci\u00f3n t\u00e9cnica, apoyo log\u00edstico (presupuestos, direcci\u00f3n de obras, contrataciones, dibujo t\u00e9cnico, computaci\u00f3n).<\/p>\n\n\n\n<p class=\"has-text-align-left has-heading-color has-text-color has-link-color has-roboto-font-family wp-elements-2667bb838de140efd9be625971195881\" style=\"font-size:14px\">-Como dise\u00f1ador, colaborador o asesor en constructoras, inmobiliarias, viveros y comercios de productos para jardines y parques, f\u00e1bricas de muebles y equipamientos.<\/p>\n\n\n\n<p class=\"has-text-align-left has-heading-color has-text-color has-link-color has-roboto-font-family wp-elements-45e07a13376c2151a908997a3794bd16\" style=\"font-size:14px\">-Como asesor en comercios de decoraci\u00f3n con plantas ornamentales, flor\u00edstica, revestimientos, materiales y equipamientos. (dise\u00f1os, presupuestos, promociones, direcciones t\u00e9cnicas).<\/p>\n\n\n\n<p class=\"has-text-align-left has-heading-color has-text-color has-link-color has-roboto-font-family wp-elements-41fd00e89b557b34646bed23278f62d7\" style=\"font-size:14px\">-Como profesional independiente en la autogesti\u00f3n de un emprendimiento propio.<\/p>\n\n\n\n<p class=\"has-text-align-left has-heading-color has-text-color has-link-color has-roboto-font-family wp-elements-424f6f918c500ebfc828a7557547eedd\" style=\"font-size:14px\">El T\u00e9cnico Superior en Dise\u00f1o de Exteriores y Paisaje, es el especialista responsable del dise\u00f1o, proyecto, organizaci\u00f3n, ejecuci\u00f3n y mantenimiento de obras destinadas a la concreci\u00f3n del espacio abierto y su relaci\u00f3n con el medio ambiente, destinados al h\u00e1bitat humano al aire libre y al paisaje.<\/p>\n\n\n\n<p class=\"has-text-align-left has-heading-color has-text-color has-link-color has-roboto-font-family wp-elements-ac3d24efc90dacac33d20c6b8adec49e\" style=\"font-size:14px\">Tiene la capacidad de programar, evaluar y administrar las operaciones comerciales, t\u00e9cnicas y constructivas de los servicios relativos al espacio abierto, verde y paisaje habitable.<\/p>\n\n\n\n<p class=\"has-text-align-left has-heading-color has-text-color has-link-color has-roboto-font-family wp-elements-7429cade276d7d9c8f756d6307101516\" style=\"font-size:14px\">-Realizar el proyecto de dise\u00f1o del espacio exterior habitable y el paisaje, vinculados a la creaci\u00f3n y o acondicionamiento.<\/p>\n\n\n\n<p class=\"has-text-align-left has-heading-color has-text-color has-link-color has-roboto-font-family wp-elements-e068e30f580456693f0b947f9c803958\" style=\"font-size:14px\">-Ejecutar la documentaci\u00f3n t\u00e9cnica del proyecto.<\/p>\n\n\n\n<p class=\"has-text-align-left has-heading-color has-text-color has-link-color has-roboto-font-family wp-elements-1334d91b84d4be9c92c994c3814282cd\" style=\"font-size:14px\">-Realizar la direcci\u00f3n t\u00e9cnica de la obra.<\/p>\n\n\n\n<p class=\"has-text-align-left has-heading-color has-text-color has-link-color has-roboto-font-family wp-elements-c47fe85bee3cb6f746ebfdc5785add3a\" style=\"font-size:14px\">-Coordinar los equipos de trabajo de los diferentes rubros de servicios t\u00e9cnicos.<\/p>\n\n\n\n<p class=\"has-text-align-left has-heading-color has-text-color has-link-color has-roboto-font-family wp-elements-702835bb7631d6bc645c03565bc5c6a7\" style=\"font-size:14px\">-Generar y\/o participar de emprendimientos vinculados con \u00e1reas de su profesionalidad.<\/p>\n\n\n\n<h3 class=\"wp-block-heading has-text-align-center has-background-color has-text-color has-background has-link-color wp-elements-48bec0b42777428be4fdc8eb98916158\" style=\"background-color:#8d857e;font-size:16px;text-transform:uppercase\">Plan de Estudio<\/h3>\n\n\n\n<h2 class=\"wp-block-heading\" style=\"font-size:14px\">PRIMER A\u00d1O<\/h2>\n\n\n\n<p class=\"has-base-color has-text-color has-background has-link-color wp-elements-9fdcadd975b8cad7e9d4352b1dd41beb\" style=\"background-color:#a39a94;font-size:14px\">1. Proceso Proyectual I<br>2. Morfolog\u00eda I<br>3. Pr\u00e1cticas de Lectura, Escritura y Oralidad<br>4. Inform\u00e1tica I<br>5. Historia del Arte y del Paisaje I<br>6. Bot\u00e1nica Aplicada<br>7. F\u00edsica y Qu\u00edmica Aplicada<br>8. Problem\u00e1tica Sociocultural y del Conocimiento<br>9. Ingl\u00e9s<br>10. T\u00e9cnicas Constructivas y Materiales<br>11. Vegetaci\u00f3n I semestral<br>12. Pr\u00e1ctica Profesionalizante<\/p>\n\n\n\n<h2 class=\"wp-block-heading\" style=\"font-size:14px\">SEGUNDO A\u00d1O<\/h2>\n\n\n\n<p class=\"has-base-color has-text-color has-background has-link-color wp-elements-3ded9edb87f53480561ed61227953721\" style=\"background-color:#a39a94;font-size:14px\">13. Proceso Proyectual II<br>14. Morfolog\u00eda II<br>15. Equipamiento e Instalaciones<br>16. Lenguaje Visual y Semi\u00f3tica<br>17. Inform\u00e1tica II<br>18. Geograf\u00eda y Clima<br>19. Pr\u00e1ctica Profesionalizante II<br>20. Historia del Arte y del Paisaje II<br>21. Vegetaci\u00f3n II<\/p>\n\n\n\n<h2 class=\"wp-block-heading\" style=\"font-size:14px\">TERCER A\u00d1O<\/h2>\n\n\n\n<p class=\"has-base-color has-text-color has-background has-link-color wp-elements-18dd9852223e3d336969d917fdd4a888\" style=\"background-color:#a39a94;font-size:14px\">22. Proceso proyectual III<br>23. Administraci\u00f3n y Direcci\u00f3n de Obras<br>24. Est\u00e9tica<br>25. Vegetaci\u00f3n III<br>26. Pr\u00e1ctica Profesionalizante III<br>27. Gesti\u00f3n de microemprendimientos<br>28. \u00c9tica Profesional<br>29. Ecolog\u00eda<\/p>\n\n\n\n<h3 class=\"wp-block-heading has-text-align-center has-background-color has-text-color has-background has-link-color wp-elements-572f598e7181bce7881379b688056f16\" style=\"background-color:#8d857e;font-size:16px;text-transform:uppercase\">Condiciones de Ingreso<\/h3>\n\n\n\n<p style=\"font-size:14px\"><strong>Los aspirantes deber\u00e1n:<\/strong><br>-Tener estudios secundarios completos<br>-Aspirantes encuadrados en el art\u00edculo N\u00b0 7\u00bade la Ley de Educaci\u00f3n superior mayores de 25 a\u00f1os que no hayan completado los estudios secundarios<br>-Realizar una entrevista personal con el Director de la Carrera<br><strong>Documentaci\u00f3n a Presentar<\/strong><br>-T\u00edtulo Secundario<br>-Certificado de Aptitud F\u00edsica<br>-4 fotos carnet fondo blanco<br>-Fotocopia del DNI<br>-Fotocopia de la Partida de Nacimiento<\/p>\n\n\n\n<h3 class=\"wp-block-heading has-text-align-center has-background-color has-text-color has-background has-link-color wp-elements-0ae0ed806ebdea2adf9b3a5021e13fa7\" style=\"background-color:#8d857e;font-size:16px;text-transform:uppercase\">T\u00edtulo y Certificaciones<\/h3>\n\n\n\n<p style=\"font-size:14px\">T\u00c9CNICO SUPERIOR EN DISE\u00d1O DE EXTERIORES Y PAISAJE<br>Resoluci\u00f3n DGE N\u00b0 500\/19<br>Duraci\u00f3n: 3 a\u00f1os<br>Carga horaria: 2400hs<br>Certificaci\u00f3n Intermedia: Sobrestante de mantenimiento de Parques<br>y Jardines<br>Carga horaria: 1155hs<\/p>\n\n\n\n<div class=\"wp-block-buttons is-content-justification-center is-layout-flex wp-container-core-buttons-is-layout-18fd6642 wp-block-buttons-is-layout-flex\" style=\"padding-top:var(--wp--preset--spacing--70);padding-bottom:var(--wp--preset--spacing--70)\">\n<div class=\"wp-block-button\"><a class=\"wp-block-button__link has-background wp-element-button\" href=\"https:\/\/instavellaneda.com.ar\/instituto\/inscripcion\/\" style=\"background-color:#e57200;padding-top:var(--wp--preset--spacing--20);padding-bottom:var(--wp--preset--spacing--20)\">INSCRIBIRME<\/a><\/div>\n<\/div>\n\n\n\n<div class=\"wp-block-columns is-layout-flex wp-container-core-columns-is-layout-28f84493 wp-block-columns-is-layout-flex\">\n<div class=\"wp-block-column is-layout-flow wp-block-column-is-layout-flow\" style=\"flex-basis:100%\">\n<div class=\"wp-block-cover\"><img loading=\"lazy\" decoding=\"async\" width=\"1024\" height=\"576\" class=\"wp-block-cover__image-background wp-image-877 size-large\" alt=\"\" src=\"https:\/\/instavellaneda.com.ar\/instituto\/wp-content\/uploads\/2025\/10\/MG_6972-edited-1024x576.jpg\" data-object-fit=\"cover\" srcset=\"https:\/\/instavellaneda.com.ar\/instituto\/wp-content\/uploads\/2025\/10\/MG_6972-edited-1024x576.jpg 1024w, https:\/\/instavellaneda.com.ar\/instituto\/wp-content\/uploads\/2025\/10\/MG_6972-edited-300x169.jpg 300w, https:\/\/instavellaneda.com.ar\/instituto\/wp-content\/uploads\/2025\/10\/MG_6972-edited-768x432.jpg 768w, https:\/\/instavellaneda.com.ar\/instituto\/wp-content\/uploads\/2025\/10\/MG_6972-edited-1536x864.jpg 1536w, https:\/\/instavellaneda.com.ar\/instituto\/wp-content\/uploads\/2025\/10\/MG_6972-edited.jpg 1920w\" sizes=\"auto, (max-width: 1024px) 100vw, 1024px\" \/><span aria-hidden=\"true\" class=\"wp-block-cover__background has-background-dim\"><\/span><div class=\"wp-block-cover__inner-container is-layout-flow wp-block-cover-is-layout-flow\">\n<p class=\"has-text-align-left has-large-font-size\">Horario de cursado: de lunes a jueves de 19:00 a 22:40 hs. <\/p>\n\n\n\n<p class=\"has-text-align-left has-large-font-size\">Es presencial y se realizan tareas, entregas de trabajos y clases, en ocasiones, por plataforma virtual. <\/p>\n<\/div><\/div>\n<\/div>\n<\/div>\n\n\n\n<div class=\"wp-block-columns are-vertically-aligned-bottom is-layout-flex wp-container-core-columns-is-layout-28f84493 wp-block-columns-is-layout-flex\">\n<div class=\"wp-block-column is-vertically-aligned-bottom is-layout-flow wp-block-column-is-layout-flow\" style=\"flex-basis:100%\"><\/div>\n<\/div>\n","protected":false},"excerpt":{"rendered":"<p>T\u00e9cnico superior en Dise\u00f1o de\u00a0exteriores y paisajes Pasi\u00f3n por Saber, Pasi\u00f3n por Hacer Perfil Profesional El T\u00e9cnico Superior en Dise\u00f1o de Exteriores y Paisaje egresar\u00e1 con formaci\u00f3n como profesional en el dise\u00f1o, planificaci\u00f3n y ejecuci\u00f3n de obras de jardiner\u00eda y parquizaciones, instalaciones t\u00e9cnicas y mantenimiento de exteriores.En relaci\u00f3n a los \u00e1mbitos de acci\u00f3n, el egresado [&hellip;]<\/p>\n","protected":false},"author":5,"featured_media":0,"parent":0,"menu_order":0,"comment_status":"closed","ping_status":"closed","template":"","meta":{"footnotes":""},"class_list":["post-107","page","type-page","status-publish","hentry"],"_links":{"self":[{"href":"https:\/\/instavellaneda.com.ar\/instituto\/wp-json\/wp\/v2\/pages\/107","targetHints":{"allow":["GET"]}}],"collection":[{"href":"https:\/\/instavellaneda.com.ar\/instituto\/wp-json\/wp\/v2\/pages"}],"about":[{"href":"https:\/\/instavellaneda.com.ar\/instituto\/wp-json\/wp\/v2\/types\/page"}],"author":[{"embeddable":true,"href":"https:\/\/instavellaneda.com.ar\/instituto\/wp-json\/wp\/v2\/users\/5"}],"replies":[{"embeddable":true,"href":"https:\/\/instavellaneda.com.ar\/instituto\/wp-json\/wp\/v2\/comments?post=107"}],"version-history":[{"count":15,"href":"https:\/\/instavellaneda.com.ar\/instituto\/wp-json\/wp\/v2\/pages\/107\/revisions"}],"predecessor-version":[{"id":883,"href":"https:\/\/instavellaneda.com.ar\/instituto\/wp-json\/wp\/v2\/pages\/107\/revisions\/883"}],"wp:attachment":[{"href":"https:\/\/instavellaneda.com.ar\/instituto\/wp-json\/wp\/v2\/media?parent=107"}],"curies":[{"name":"wp","href":"https:\/\/api.w.org\/{rel}","templated":true}]}}